+ a = -0*t + v, -3*v - 6 = 3*t. List the prime factors of t.
2
Let o(z) be the second derivative of -z**4/12 - 7*z**3/6 + 2*z**2 - 2*z. What are the prime factors of o(-6)?
2, 5
Let k = 40 - 21. Suppose 0*c + 14 = 2*d + 4*c, 2*d - k = c. List the prime factors of d.
3
Let r = -19 - -12. Let b = r + 11. Suppose -s + b*k = -4, 0 = -0*s + s + 4*k - 4. List the prime factors of s.
2
Let w(n) = -n - 4. Let j be (-1)/(-1)*(4 + -9). Let m(l) = -2*l - 4. Let t(i) = j*w(i) + 4*m(i). What are the prime factors of t(-5)?
19
Suppose 7*y = 5*y + 24. List the prime factors of y.
2, 3
Let h(f) be the second derivative of f**5/20 + f**4/4 - f**3/2 + 3*f**2/2 - 2*f. Let k be -3 + -1 - 3/(-3). List the prime factors of h(k).
2, 3
Let z(v) = 3*v - 13. Let b be z(7). Let t = -2 + b. What are the prime factors of t?
2, 3
Let y = -62 + 120. List the prime factors of y.
2, 29
Let r(n) = -14*n + 9. List the prime factors of r(-3).
3, 17
Let v be 6/(-21) - 88/(-14). Let y(f) = 4 - f + 4*f - v*f. What are the prime factors of y(-4)?
2
Let p(v) = -v + 3. Let a be 3 + (2/1 - 2). Let m be p(a). Suppose m*x = 2*x - 20. List the prime factors of x.
2, 5
Let o(q) = 31*q**3 - 4*q**2 + 5*q - 5. What are the prime factors of o(2)?
3, 79
Suppose 0 = 28*p - 25*p - 297. List the prime factors of p.
3, 11
Suppose 24 = -7*j + 9*j. What are the prime factors of j?
2, 3
Let a(f) = -f. Let y(h) = -h**2 - 5*h - 1. Let z be 0/(2/(-2)) + -1. Let q(s) = z*y(s) + 6*a(s). List the prime factors of q(-2).
7
List the prime factors of (-542)/(-8) - (-14)/56.
2, 17
List the prime factors of (-200)/(-12) - (21/(-9) + 3).
2
Suppose 2*h + 2*h = 12. Suppose r = q + q, h = 3*r - 5*q. What are the prime factors of (-46)/(-6) - r/9?
7
What are the prime factors of ((-27)/(-6) - -2)*64?
2, 13
What are the prime factors of 2/(-4 + (-121)/(-30))?
2, 3, 5
Let c(h) = h - 2*h + 0*h - 1. Let x be c(-5). Let r = x + 7. List the prime factors of r.
11
Let c(q) = -q**2 + 10*q - 5. Let o be c(9). Let p(a) = -a**3 + 3*a**2 + 6*a - 6. What are the prime factors of p(o)?
2
Let w = 18 - 3. List the prime factors of w.
3, 5
Suppose w - 2 = -4*t + 2, 22 = 3*t - 4*w. Let z(d) = 3*d**2 - t*d - 4*d**2 - 3*d. What are the prime factors of z(-4)?
2
List the prime factors of 837/24 - 2/(-16).
5, 7
Let m = -30 - -46. Let l be 27/6*m/12. Suppose 2*v = -0*v - 2*u + l, 0 = -2*u - 4. List the prime factors of v.
5
Let q = -2 - -4. Suppose q*l + 2 = 16. Let x(g) = -g**2 + 8*g + 9. List the prime factors of x(l).
2
Suppose -5 = 5*t - 40. Let r = 1 + 1. Suppose -r*f + t + 7 = 0. What are the prime factors of f?
7
Let v = 69 - 34. Let k = v - 12. List the prime factors of k.
23
Let m = 14 + -10. Suppose 6*x - 4*x = 4*r - 94, m*r + 5*x - 101 = 0. Suppose t + 14 = 3*n + 1, 2*t = -4*n + r. What are the prime factors of t?
2
Let l(x) = -x**2 - 8*x + 15. List the prime factors of l(-8).
3, 5
Let y(h) = h**2 - h. Let f be y(2). Suppose -f*s - 5*l = 15 - 52, s + l = 14. What are the prime factors of s?
11
What are the prime factors of (-146)/(-8) + 9/12?
19
Suppose 0 = -7*s + 3828 - 1133. What are the prime factors of s?
5, 7, 11
List the prime factors of (-390)/(-4) + -3*2/(-4).
3, 11
Suppose 3*r - 12 = 18. Let m(k) = -k**2 + 7*k - 7 + 6*k - 3. List the prime factors of m(r).
2, 5
Suppose -w + 2 = -6. What are the prime factors of w?
2
Suppose y + 6 = p, 0 = -2*p + 7*p + y - 18. Suppose -3*w + 3 + 4 = -4*i, 0 = p*w - 4*i - 12. Suppose -37 - 18 = -w*s. List the prime factors of s.
11
Suppose 3*i - 53 = -4*n, -3*n + 3 = -5*i - 15. List the prime factors of n.
11
Let p be (-2 - (-20)/12)*-18. Suppose 3*i + 5*m = 179, 3*i - 4*m = -p*m + 176. List the prime factors of i.
2, 29
Suppose 0*i = 2*i - 2*q + 40, 2*i + 2*q + 44 = 0. Let p = -12 - i. What are the prime factors of p?
3
Suppose -35 = 7*y - 2*y. List the prime factors of (-6)/21 - 51/y.
7
Let r = 12 - -17. What are the prime factors of r?
29
List the prime factors of ((-205)/(-2) + -2)*2 + 3.
2, 3, 17
Let d(q) = -q**3 - 10*q**2 - 4*q + 12. What are the prime factors of d(-11)?
3, 59
Suppose -3*u = -4*o - 146, -5*o - 245 = -2*u - 3*u. What are the prime factors of u?
2, 5
Let d(s) = -s**2 - 6*s - 4. Let w be d(-4). Suppose 0*c + w*c - 40 = 0. Suppose 5*n - 19 = -4*u - 0, 0 = -2*n - 4*u + c. List the prime factors of n.
3
Let w = 125 - 107. List the prime factors of w.
2, 3
Let z(o) = -20*o + 1. What are the prime factors of z(-2)?
41
Let i = 12 + -14. Let v(f) = -5*f**3 + 2*f**2 + f + 4. What are the prime factors of v(i)?
2, 5
Suppose -2*v + 0*v = 0. Suppose 6*m - 4*m - 38 = v. List the prime factors of m.
19
Let f(c) = -17*c - 2. List the prime factors of f(-6).
2, 5
Suppose 3*z - 2*z - 52 = 0. What are the prime factors of z?
2, 13
Let n(i) = i - 8. Let k be n(10). Let d = 4 - k. Suppose 0*v = d*v - 24. List the prime factors of v.
2, 3
Let k(q) = 5 - 2*q + q**3 + 2*q. Let z be k(0). Suppose -z*p = -3*p - 10. List the prime factors of p.
5
List the prime factors of 1120/110 + 2/(-11).
2, 5
Let o = -54 + 86. List the prime factors of o.
2
Let j(a) = -a**3 + 8*a**2 + 7*a + 6. What are the prime factors of j(5)?
2, 29
Suppose -2*s + 16 = 2*s. Suppose 0 = -p + 12 + s. Let h = -5 + p. What are the prime factors of h?
11
Let h(d) = -41*d. What are the prime factors of h(-1)?
41
Let s(g) = -11*g + 1. Let x be s(-1). Let v(k) = 2*k - 9. What are the prime factors of v(x)?
3, 5
Suppose 0 = -2*r + r. Suppose r*w = 2*w - 34. What are the prime factors of w?
17
List the prime factors of 1/4 + 140/16.
3
Suppose 4*v = -3*q + 1031, 3*q + 3*v - 950 - 79 = 0. What are the prime factors of q?
11, 31
Let q = -32 + 66. What are the prime factors of q?
2, 17
Let d(x) be the third derivative of x**6/360 + x**5/15 + 5*x**4/12 + x**3/3 + x**2. Let m(r) be the first derivative of d(r). List the prime factors of m(-7).
3
Let f = 14 + -5. List the prime factors of f.
3
Let f(g) = -2*g - 4. Let x be f(-3). Suppose a - 3*s = -7, 0 = -x*a + 6*a + 5*s - 40. Let m = a + -3. What are the prime factors of m?
2
Suppose 2*c - 70 = -0*j + 2*j, 45 = c + 4*j. List the prime factors of c.
37
Let n(h) = h**2 - 8*h - 7. Suppose -13 = -s - 0*s + 2*l, s - 3*l - 15 = 0. Let w be n(s). Suppose 3*a - 14 = w*a. What are the prime factors of a?
2, 7
Let r(c) = -c**3 + 6*c**2 + 10*c - 7. Let b be r(7). Let n = b + -8. What are the prime factors of n?
2, 3
Let a = -111 + 183. What are the prime factors of a?
2, 3
Let x be (-6)/21 - 5/7. List the prime factors of (1 - 4 - 1)*x.
2
Let x(h) = -h**2 - 2*h - 387. Let n be x(0). What are the prime factors of n/6*(-8)/12?
43
Suppose 0 = -4*y - 39 + 167. Let w = -23 + y. List the prime factors of w.
3
Suppose 3*h + j = 158, 4*j + 152 = 5*h - 117. What are the prime factors of h?
53
Let b = 22 + -6. Let w = -12 + b. What are the prime factors of w?
2
Let a(u) = 0 + u**2 - 4*u - 2 + 0. What are the prime factors of a(5)?
3
Let p(w) be the second derivative of -11*w**4/12 - 2*w. Let z be p(1). Let y = 23 + z. What are the prime factors of y?
2, 3
Let l = -91 - -178. List the prime factors of l.
3, 29
Suppose 2*h - 5*a - 526 = 0, -126 + 389 = h - 3*a. List the prime factors of h.
263
Let f(t) = -2*t**3 + 2*t**2 + t. Let j be f(-1). Let d be (-56)/(-12) - (-1)/j. Suppose -d*g = -g - 16. List the prime factors of g.
2
Let o(h) = 109*h**3 + h**2. What are the prime factors of o(1)?
2, 5, 11
Let x(z) = -z**2 - z - 1. Let i(r) = -r**3 + 14*r**2 - 3*r + 7. Let v(f) = 5*f**2. Let t be v(-1). Let l(w) = t*x(w) + i(w). List the prime factors of l(8).
2
Let r = 9 - 1. Let f be r/12 + 13/3. Suppose 0 = -4*o + f + 3. What are the prime factors of o?
2
Let t be 4/(-4) + -2 + 1. What are the prime factors of (-2)/1*(-5 - t)?
2, 3
Let y = 29 + -8. List the prime factors of y.
3, 7
Let h = -36 - -114. Suppose 2*s = -5*y + 84 + 11, -h = -4*y - 2*s. List the prime factors of y.
17
Let k(l) = 5*l**3 - 3*l**2 + 4*l - 3. What are the prime factors of k(2)?
3, 11
Suppose 2*i + 4 = 2*t + t, 5*t - 32 = -3*i. Suppose -4*l - 23 = -3*w + 63, -i*l - 34 = -w. Let x = w + -12. What are the prime factors of x?
2, 7
Suppose 5*b = 15, -2*n + 4*b - 6 = n. What are the prime factors of ((-6)/8)/(n/(-64))?
2, 3
Let d(y) = -6*y + 1. List the prime factors of d(-2).
13
Suppose -4*a = -2*a - 8. Suppose -k + 13 = 2*j, 3*j + 41 = a*k